{"id":172,"date":"2011-09-15T13:00:42","date_gmt":"2011-09-15T13:00:42","guid":{"rendered":"http:\/\/www.oliverlanz.com\/wordpress\/?page_id=172"},"modified":"2026-01-23T21:15:09","modified_gmt":"2026-01-23T21:15:09","slug":"kontakt","status":"publish","type":"page","link":"https:\/\/www.oliverlanz.com\/wordpress\/?page_id=172","title":{"rendered":"About"},"content":{"rendered":"<h6><em>\u00abDas Sehen ver\u00e4ndert die Bilder.&nbsp;Die Bilder ver\u00e4ndern das Sehen.\u00bb&nbsp;Gunter Otto<\/em><\/h6>\r\n<p>&nbsp;<\/p>\r\n<p><span class=\"Apple-style-span\" style=\"font-style: italic; font-weight: normal;\"><strong>Herzlich willkommen!<\/strong><\/span><\/p>\r\n<div><strong>Hier finden BK Sch\u00fcler:innen von Oliver Lanz <\/strong><\/div>\r\n<div><strong>f\u00fcr Sie wichtige Arbeitsunterlagen.<br><\/strong><\/div>\r\n<p>&nbsp;<\/p>\r\n<div><strong>Kontakt &nbsp; &nbsp; &nbsp; &nbsp; &nbsp; &nbsp; &nbsp; &nbsp; &nbsp; &nbsp; &nbsp; &nbsp; &nbsp; &nbsp; &nbsp; &nbsp; &nbsp; &nbsp; &nbsp; &nbsp; &nbsp; &nbsp; &nbsp; &nbsp; &nbsp; &nbsp; &nbsp; &nbsp; &nbsp; &nbsp; &nbsp; &nbsp; &nbsp; &nbsp; &nbsp; &nbsp; &nbsp; &nbsp; &nbsp; &nbsp; &nbsp; &nbsp; &nbsp; &nbsp; &nbsp; <\/strong>oliver.lanz{at}gymburgdorf.ch<\/div>\r\n<div>&nbsp;<\/div>\r\n<div>\r\n<div><strong>Oliver Lanz<\/strong><\/div>\r\n<div>August 2003 bis heute: Lehrer f\u00fcr Bildende Kunst am Gymnasium Burgdorf.<\/div>\r\n<\/div>\r\n<div><em><em><strong>&nbsp;<\/strong><\/em><\/em><\/div>\r\n<div><strong>Haftungshinweis<\/strong><\/div>\r\n<div>Trotz sorgf\u00e4ltiger inhaltlicher Kontrolle \u00fcbernimmt Oliver Lanz keine Haftung f\u00fcr die Inhalte externer Links. F\u00fcr den Inhalt der verlinkten Seiten ist ausschliesslich deren Betreiber verantwortlich.<\/div>\r\n<div>&nbsp;<\/div>\r\n<div><strong>Anmerkung &#8222;Header Bilder&#8220;<\/strong><\/div>\r\n<div>Die Bilder (oben) auf den einzelnen Homepageseiten erscheinen zuf\u00e4llig. Es ist eine fortlaufende Sammlung aus meiner pers\u00f6nlichen Fotogalerie zu den Themen Kunst, Gestaltung, Museum, &#8222;unterwegs&#8220; und Unterricht.<\/div>\r\n<div>&nbsp;<\/div>\r\n\r\n<figure class=\"wp-block-gallery has-nested-images columns-default is-cropped wp-block-gallery-1 is-layout-flex wp-block-gallery-is-layout-flex\">\r\n<figure class=\"wp-block-image size-large\"><a href=\"https:\/\/www.oliverlanz.com\/wordpress\/wp-content\/uploads\/2021\/12\/IMG_5123-scaled.jpeg\"><img loading=\"lazy\" decoding=\"async\" width=\"768\" height=\"1024\" data-id=\"3841\" class=\"wp-image-3841\" src=\"https:\/\/www.oliverlanz.com\/wordpress\/wp-content\/uploads\/2021\/12\/IMG_5123-768x1024.jpeg\" alt=\"\" srcset=\"https:\/\/www.oliverlanz.com\/wordpress\/wp-content\/uploads\/2021\/12\/IMG_5123-768x1024.jpeg 768w, https:\/\/www.oliverlanz.com\/wordpress\/wp-content\/uploads\/2021\/12\/IMG_5123-225x300.jpeg 225w, https:\/\/www.oliverlanz.com\/wordpress\/wp-content\/uploads\/2021\/12\/IMG_5123-1152x1536.jpeg 1152w, https:\/\/www.oliverlanz.com\/wordpress\/wp-content\/uploads\/2021\/12\/IMG_5123-1536x2048.jpeg 1536w, https:\/\/www.oliverlanz.com\/wordpress\/wp-content\/uploads\/2021\/12\/IMG_5123-scaled.jpeg 1920w\" sizes=\"auto, (max-width: 768px) 100vw, 768px\" \/><\/a><\/figure>\r\n<\/figure>\r\n","protected":false},"excerpt":{"rendered":"<p>\u00abDas Sehen ver\u00e4ndert die Bilder.&nbsp;Die Bilder ver\u00e4ndern das Sehen.\u00bb&nbsp;Gunter Otto &nbsp; Herzlich willkommen! Hier finden BK Sch\u00fcler:innen von Oliver Lanz f\u00fcr Sie wichtige Arbeitsunterlagen. &nbsp; Kontakt &nbsp; &nbsp; &nbsp; &nbsp; &nbsp; &nbsp; &nbsp; &nbsp; &nbsp; &nbsp; &nbsp; &nbsp; &nbsp; &nbsp; &hellip; <a href=\"https:\/\/www.oliverlanz.com\/wordpress\/?page_id=172\">Weiterlesen <span class=\"meta-nav\">&rarr;<\/span><\/a><\/p>\n","protected":false},"author":1,"featured_media":0,"parent":0,"menu_order":0,"comment_status":"closed","ping_status":"closed","template":"","meta":{"ngg_post_thumbnail":0,"footnotes":""},"class_list":["post-172","page","type-page","status-publish","hentry"],"_links":{"self":[{"href":"https:\/\/www.oliverlanz.com\/wordpress\/index.php?rest_route=\/wp\/v2\/pages\/172","targetHints":{"allow":["GET"]}}],"collection":[{"href":"https:\/\/www.oliverlanz.com\/wordpress\/index.php?rest_route=\/wp\/v2\/pages"}],"about":[{"href":"https:\/\/www.oliverlanz.com\/wordpress\/index.php?rest_route=\/wp\/v2\/types\/page"}],"author":[{"embeddable":true,"href":"https:\/\/www.oliverlanz.com\/wordpress\/index.php?rest_route=\/wp\/v2\/users\/1"}],"replies":[{"embeddable":true,"href":"https:\/\/www.oliverlanz.com\/wordpress\/index.php?rest_route=%2Fwp%2Fv2%2Fcomments&post=172"}],"version-history":[{"count":51,"href":"https:\/\/www.oliverlanz.com\/wordpress\/index.php?rest_route=\/wp\/v2\/pages\/172\/revisions"}],"predecessor-version":[{"id":4966,"href":"https:\/\/www.oliverlanz.com\/wordpress\/index.php?rest_route=\/wp\/v2\/pages\/172\/revisions\/4966"}],"wp:attachment":[{"href":"https:\/\/www.oliverlanz.com\/wordpress\/index.php?rest_route=%2Fwp%2Fv2%2Fmedia&parent=172"}],"curies":[{"name":"wp","href":"https:\/\/api.w.org\/{rel}","templated":true}]}}