{"id":57,"date":"2011-09-09T21:38:37","date_gmt":"2011-09-09T21:38:37","guid":{"rendered":"http:\/\/wl36www547.webland.ch\/wordpress\/?page_id=57"},"modified":"2026-01-21T21:45:29","modified_gmt":"2026-01-21T21:45:29","slug":"padagogische-hochschule-luzern","status":"publish","type":"page","link":"https:\/\/www.oliverlanz.com\/wordpress\/?page_id=57","title":{"rendered":"BK Schwerpunktfach"},"content":{"rendered":"<p><strong><span class=\"Apple-style-span\" style=\"font-family: 'Helvetica Neue', Helvetica, Arial, sans-serif;\">An wen richtet sich das Schwerpunktfach Bildende Kunst?<\/span><\/strong><\/p>\r\n<ul>\r\n<li>Das Schwerpunktfach Bildende Kunst (SF BK) richtet sich an Gymnasiastinnen und Gymnasiasten, die ein ausgepr\u00e4gtes Interesse an der Auseinandersetzung mit aktueller und historischer Kunst und Kultur zeigen, die Freude haben an praktischer gestalterischer Arbeit, am Umgang mit verschiedensten Materialien und Techniken, am Experimentieren, die aber auch die F\u00e4higkeit besitzen, im eigenen kreativen Gestalten Ausdauer und Intensit\u00e4t zu entwickeln.<\/li>\r\n<\/ul>\r\n<div>\r\n<div><strong>Was erwartet Sie im Schwerpunktfach BK?<\/strong><\/div>\r\n<div>\r\n<ul>\r\n<li>Das SF BK baut grunds\u00e4tzlich auf den in GYM1 erworbenen gestalterischen Grundlagen auf und verfolgt die im Rahmenlehrplan formulierten Richtziele auf hohem Niveau weiter. Vermehrt ber\u00fccksichtigt werden bei der Auswahl der Inhalte die individuellen Begabungen und Interessen der Sch\u00fclerinnen und Sch\u00fcler. Dabei sind die F\u00f6rderung der gestalterischen T\u00e4tigkeit, der selbst\u00e4ndigen Probleml\u00f6sung und der Selbstverantwortung von zentraler Bedeutung.<\/li>\r\n<\/ul>\r\n<\/div>\r\n<\/div>\r\n<div><strong>Wohin f\u00fchrt Sie das Schwerpunktfach BK?<\/strong><\/div>\r\n<div>\r\n<ul>\r\n<li>Die pers\u00f6nliche gestalterische T\u00e4tigkeit und die Begegnung mit bildender Kunst f\u00fchren dich schrittweise zu einer breiten Seherfahrung und letztlich zu einer eigenst\u00e4ndigen Sichtweise und Werthaltung.<\/li>\r\n<\/ul>\r\n<\/div>\r\n\r\n<figure class=\"wp-block-gallery has-nested-images columns-default is-cropped wp-block-gallery-1 is-layout-flex wp-block-gallery-is-layout-flex\">\r\n<figure class=\"wp-block-image size-large\"><a href=\"https:\/\/www.oliverlanz.com\/wordpress\/wp-content\/uploads\/2022\/07\/P1070985-1-scaled.jpg\"><img loading=\"lazy\" decoding=\"async\" width=\"1024\" height=\"923\" data-id=\"3997\" class=\"wp-image-3997\" src=\"https:\/\/www.oliverlanz.com\/wordpress\/wp-content\/uploads\/2022\/07\/P1070985-1-1024x923.jpg\" alt=\"\" srcset=\"https:\/\/www.oliverlanz.com\/wordpress\/wp-content\/uploads\/2022\/07\/P1070985-1-1024x923.jpg 1024w, https:\/\/www.oliverlanz.com\/wordpress\/wp-content\/uploads\/2022\/07\/P1070985-1-300x271.jpg 300w, https:\/\/www.oliverlanz.com\/wordpress\/wp-content\/uploads\/2022\/07\/P1070985-1-768x692.jpg 768w, https:\/\/www.oliverlanz.com\/wordpress\/wp-content\/uploads\/2022\/07\/P1070985-1-1536x1385.jpg 1536w, https:\/\/www.oliverlanz.com\/wordpress\/wp-content\/uploads\/2022\/07\/P1070985-1-2048x1847.jpg 2048w, https:\/\/www.oliverlanz.com\/wordpress\/wp-content\/uploads\/2022\/07\/P1070985-1-333x300.jpg 333w\" sizes=\"auto, (max-width: 1024px) 100vw, 1024px\" \/><\/a><\/figure>\r\n<\/figure>\r\n\r\n\r\n","protected":false},"excerpt":{"rendered":"<p>An wen richtet sich das Schwerpunktfach Bildende Kunst? Das Schwerpunktfach Bildende Kunst (SF BK) richtet sich an Gymnasiastinnen und Gymnasiasten, die ein ausgepr\u00e4gtes Interesse an der Auseinandersetzung mit aktueller und historischer Kunst und Kultur zeigen, die Freude haben an praktischer &hellip; <a href=\"https:\/\/www.oliverlanz.com\/wordpress\/?page_id=57\">Weiterlesen <span class=\"meta-nav\">&rarr;<\/span><\/a><\/p>\n","protected":false},"author":1,"featured_media":0,"parent":0,"menu_order":1,"comment_status":"closed","ping_status":"closed","template":"","meta":{"ngg_post_thumbnail":0,"footnotes":""},"class_list":["post-57","page","type-page","status-publish","hentry"],"_links":{"self":[{"href":"https:\/\/www.oliverlanz.com\/wordpress\/index.php?rest_route=\/wp\/v2\/pages\/57","targetHints":{"allow":["GET"]}}],"collection":[{"href":"https:\/\/www.oliverlanz.com\/wordpress\/index.php?rest_route=\/wp\/v2\/pages"}],"about":[{"href":"https:\/\/www.oliverlanz.com\/wordpress\/index.php?rest_route=\/wp\/v2\/types\/page"}],"author":[{"embeddable":true,"href":"https:\/\/www.oliverlanz.com\/wordpress\/index.php?rest_route=\/wp\/v2\/users\/1"}],"replies":[{"embeddable":true,"href":"https:\/\/www.oliverlanz.com\/wordpress\/index.php?rest_route=%2Fwp%2Fv2%2Fcomments&post=57"}],"version-history":[{"count":57,"href":"https:\/\/www.oliverlanz.com\/wordpress\/index.php?rest_route=\/wp\/v2\/pages\/57\/revisions"}],"predecessor-version":[{"id":4953,"href":"https:\/\/www.oliverlanz.com\/wordpress\/index.php?rest_route=\/wp\/v2\/pages\/57\/revisions\/4953"}],"wp:attachment":[{"href":"https:\/\/www.oliverlanz.com\/wordpress\/index.php?rest_route=%2Fwp%2Fv2%2Fmedia&parent=57"}],"curies":[{"name":"wp","href":"https:\/\/api.w.org\/{rel}","templated":true}]}}

<p><strong><span class="Apple-style-span" style="font-family: 'Helvetica Neue', Helvetica, Arial, sans-serif;">An wen richtet sich das Schwerpunktfach Bildende Kunst?</span></strong></p>
<ul>
<li>Das Schwerpunktfach Bildende Kunst (SF BK) richtet sich an Gymnasiastinnen und Gymnasiasten, die ein ausgeprägtes Interesse an der Auseinandersetzung mit aktueller und historischer Kunst und Kultur zeigen, die Freude haben an praktischer gestalterischer Arbeit, am Umgang mit verschiedensten Materialien und Techniken, am Experimentieren, die aber auch die Fähigkeit besitzen, im eigenen kreativen Gestalten Ausdauer und Intensität zu entwickeln.</li>
</ul>
<div>
<div><strong>Was erwartet Sie im Schwerpunktfach BK?</strong></div>
<div>
<ul>
<li>Das SF BK baut grundsätzlich auf den in GYM1 erworbenen gestalterischen Grundlagen auf und verfolgt die im Rahmenlehrplan formulierten Richtziele auf hohem Niveau weiter. Vermehrt berücksichtigt werden bei der Auswahl der Inhalte die individuellen Begabungen und Interessen der Schülerinnen und Schüler. Dabei sind die Förderung der gestalterischen Tätigkeit, der selbständigen Problemlösung und der Selbstverantwortung von zentraler Bedeutung.</li>
</ul>
</div>
</div>
<div><strong>Wohin führt Sie das Schwerpunktfach BK?</strong></div>
<div>
<ul>
<li>Die persönliche gestalterische Tätigkeit und die Begegnung mit bildender Kunst führen dich schrittweise zu einer breiten Seherfahrung und letztlich zu einer eigenständigen Sichtweise und Werthaltung.</li>
</ul>
</div>

<figure class="wp-block-gallery has-nested-images columns-default is-cropped wp-block-gallery-1 is-layout-flex wp-block-gallery-is-layout-flex">
<figure class="wp-block-image size-large"><a href="https://www.oliverlanz.com/wordpress/wp-content/uploads/2022/07/P1070985-1-scaled.jpg"><img loading="lazy" decoding="async" width="1024" height="923" data-id="3997" class="wp-image-3997" src="https://www.oliverlanz.com/wordpress/wp-content/uploads/2022/07/P1070985-1-1024x923.jpg" alt="" srcset="https://www.oliverlanz.com/wordpress/wp-content/uploads/2022/07/P1070985-1-1024x923.jpg 1024w, https://www.oliverlanz.com/wordpress/wp-content/uploads/2022/07/P1070985-1-300x271.jpg 300w, https://www.oliverlanz.com/wordpress/wp-content/uploads/2022/07/P1070985-1-768x692.jpg 768w, https://www.oliverlanz.com/wordpress/wp-content/uploads/2022/07/P1070985-1-1536x1385.jpg 1536w, https://www.oliverlanz.com/wordpress/wp-content/uploads/2022/07/P1070985-1-2048x1847.jpg 2048w, https://www.oliverlanz.com/wordpress/wp-content/uploads/2022/07/P1070985-1-333x300.jpg 333w" sizes="auto, (max-width: 1024px) 100vw, 1024px" /></a></figure>
</figure>

<p>An wen richtet sich das Schwerpunktfach Bildende Kunst? Das Schwerpunktfach Bildende Kunst (SF BK) richtet sich an Gymnasiastinnen und Gymnasiasten, die ein ausgeprägtes Interesse an der Auseinandersetzung mit aktueller und historischer Kunst und Kultur zeigen, die Freude haben an praktischer &hellip; <a href="https://www.oliverlanz.com/wordpress/?page_id=57">Weiterlesen <span class="meta-nav">&rarr;</span></a></p>
